{"version":"1.0","provider_name":"At\u0131f \u00dcnald\u0131","provider_url":"http:\/\/atif.unaldi.org\/blog","author_name":"Atif Unaldi","author_url":"http:\/\/atif.unaldi.org\/blog\/author\/atifunaldi\/","title":"\u00d6nerilerim ge\u00e7 de olsa dikkate al\u0131n\u0131yor. - At\u0131f \u00dcnald\u0131","type":"rich","width":600,"height":338,"html":"<blockquote class=\"wp-embedded-content\" data-secret=\"y61SuBr0ei\"><a href=\"http:\/\/atif.unaldi.org\/blog\/2011\/09\/28\/onerilerim-gec-de-olsa-dikkate-aliniyor\/\">\u00d6nerilerim ge\u00e7 de olsa dikkate al\u0131n\u0131yor.<\/a><\/blockquote><iframe sandbox=\"allow-scripts\" security=\"restricted\" src=\"http:\/\/atif.unaldi.org\/blog\/2011\/09\/28\/onerilerim-gec-de-olsa-dikkate-aliniyor\/embed\/#?secret=y61SuBr0ei\" width=\"600\" height=\"338\" title=\"&#8220;\u00d6nerilerim ge\u00e7 de olsa dikkate al\u0131n\u0131yor.&#8221; &#8212; At\u0131f \u00dcnald\u0131\" data-secret=\"y61SuBr0ei\" frameborder=\"0\" marginwidth=\"0\" marginheight=\"0\" scrolling=\"no\" class=\"wp-embedded-content\"><\/iframe><script type=\"text\/javascript\">\n\/* <![CDATA[ *\/\n\/*! This file is auto-generated *\/\n!function(d,l){\"use strict\";l.querySelector&&d.addEventListener&&\"undefined\"!=typeof URL&&(d.wp=d.wp||{},d.wp.receiveEmbedMessage||(d.wp.receiveEmbedMessage=function(e){var t=e.data;if((t||t.secret||t.message||t.value)&&!\/[^a-zA-Z0-9]\/.test(t.secret)){for(var s,r,n,a=l.querySelectorAll('iframe[data-secret=\"'+t.secret+'\"]'),o=l.querySelectorAll('blockquote[data-secret=\"'+t.secret+'\"]'),c=new RegExp(\"^https?:$\",\"i\"),i=0;i<o.length;i++)o[i].style.display=\"none\";for(i=0;i<a.length;i++)s=a[i],e.source===s.contentWindow&&(s.removeAttribute(\"style\"),\"height\"===t.message?(1e3<(r=parseInt(t.value,10))?r=1e3:~~r<200&&(r=200),s.height=r):\"link\"===t.message&&(r=new URL(s.getAttribute(\"src\")),n=new URL(t.value),c.test(n.protocol))&&n.host===r.host&&l.activeElement===s&&(d.top.location.href=t.value))}},d.addEventListener(\"message\",d.wp.receiveEmbedMessage,!1),l.addEventListener(\"DOMContentLoaded\",function(){for(var e,t,s=l.querySelectorAll(\"iframe.wp-embedded-content\"),r=0;r<s.length;r++)(t=(e=s[r]).getAttribute(\"data-secret\"))||(t=Math.random().toString(36).substring(2,12),e.src+=\"#?secret=\"+t,e.setAttribute(\"data-secret\",t)),e.contentWindow.postMessage({message:\"ready\",secret:t},\"*\")},!1)))}(window,document);\n\/* ]]> *\/\n<\/script>\n","description":"\u00d6nerilerim ge\u00e7 de olsa dikkate al\u0131n\u0131yor. Daha \u00f6nce size yazm\u0131\u015ft\u0131m. http:\/\/atif.unaldi.org\/blog\/2010\/03\/04\/bilisim-sektoru-vizyon-politikalar-ve-tedbirler\/ \u00c7al\u0131\u015ftay ve call center konusundaki \u00f6nerilerimi. Ula\u015ft\u0131rma Bakan\u0131 Binali Y\u0131ld\u0131r\u0131m: \u201cT\u00fcrkiye, \u00e7a\u011fr\u0131 merkezi sekt\u00f6r\u00fcnde hizmet ihra\u00e7 eden bir pozisyon almal\u0131d\u0131r\u201d","thumbnail_url":"http:\/\/atifunaldi.files.wordpress.com\/2011\/09\/20110929-100333.jpg"}

Atıf Ünaldı

Önerilerim geç de olsa dikkate alınıyor. - Atıf Ünaldı

<blockquote class="wp-embedded-content" data-secret="y61SuBr0ei"><a href="http://atif.unaldi.org/blog/2011/09/28/onerilerim-gec-de-olsa-dikkate-aliniyor/">Önerilerim geç de olsa dikkate alınıyor.</a></blockquote><iframe sandbox="allow-scripts" security="restricted" src="http://atif.unaldi.org/blog/2011/09/28/onerilerim-gec-de-olsa-dikkate-aliniyor/embed/#?secret=y61SuBr0ei" width="600" height="338" title="&#8220;Önerilerim geç de olsa dikkate alınıyor.&#8221; &#8212; Atıf Ünaldı" data-secret="y61SuBr0ei" frameborder="0" marginwidth="0" marginheight="0" scrolling="no" class="wp-embedded-content"></iframe><script type="text/javascript">
/* <![CDATA[ */
/*! This file is auto-generated */
!function(d,l){"use strict";l.querySelector&&d.addEventListener&&"undefined"!=typeof URL&&(d.wp=d.wp||{},d.wp.receiveEmbedMessage||(d.wp.receiveEmbedMessage=function(e){var t=e.data;if((t||t.secret||t.message||t.value)&&!/[^a-zA-Z0-9]/.test(t.secret)){for(var s,r,n,a=l.querySelectorAll('iframe[data-secret="'+t.secret+'"]'),o=l.querySelectorAll('blockquote[data-secret="'+t.secret+'"]'),c=new RegExp("^https?:$","i"),i=0;i<o.length;i++)o[i].style.display="none";for(i=0;i<a.length;i++)s=a[i],e.source===s.contentWindow&&(s.removeAttribute("style"),"height"===t.message?(1e3<(r=parseInt(t.value,10))?r=1e3:~~r<200&&(r=200),s.height=r):"link"===t.message&&(r=new URL(s.getAttribute("src")),n=new URL(t.value),c.test(n.protocol))&&n.host===r.host&&l.activeElement===s&&(d.top.location.href=t.value))}},d.addEventListener("message",d.wp.receiveEmbedMessage,!1),l.addEventListener("DOMContentLoaded",function(){for(var e,t,s=l.querySelectorAll("iframe.wp-embedded-content"),r=0;r<s.length;r++)(t=(e=s[r]).getAttribute("data-secret"))||(t=Math.random().toString(36).substring(2,12),e.src+="#?secret="+t,e.setAttribute("data-secret",t)),e.contentWindow.postMessage({message:"ready",secret:t},"*")},!1)))}(window,document);
/* ]]> */
</script>

Önerilerim geç de olsa dikkate alınıyor. Daha önce size yazmıştım. http://atif.unaldi.org/blog/2010/03/04/bilisim-sektoru-vizyon-politikalar-ve-tedbirler/ Çalıştay ve call center konusundaki önerilerimi. Ulaştırma Bakanı Binali Yıldırım: “Türkiye, çağrı merkezi sektöründe hizmet ihraç eden bir pozisyon almalıdır”
